 a multiple of 2?
True
Let f(y) = 187*y**3 - 15*y**2 + 28*y + 126. Does 58 divide f(6)?
False
Suppose 4 = -6*x + 64. Suppose 392 - 2192 = -x*l. Is l a multiple of 12?
True
Suppose 2*x - 90 = k - 3*k, -5*x = -3*k - 233. Let b be (x/4 + 0)*2. Suppose 24*c - b = 23*c. Is 11 a factor of c?
False
Suppose b - j - 57 = 0, 0 = -4*j + 3*j - 2. Suppose 60*n = b*n + 450. Is n a multiple of 30?
True
Let p(d) = 2*d**2 - 16*d - 1. Let s be p(9). Suppose s*u - 6861 + 61 = 0. Is u a multiple of 50?
True
Suppose -65*g + 6 = -71*g. Does 4 divide 40 - 8/(6/(g + -2))?
True
Let z(i) = 8*i**2 - 10*i - 19. Let k be z(15). Suppose -x + k = 5*p, p - 654 = -p - 2*x. Suppose f - p = -2*c, 4*f - 1497 = 3*c - 204. Is f a multiple of 12?
True
Let r = -137 + 142. Suppose m = 23*l - 20*l - 528, -880 = -5*l + r*m. Is l a multiple of 7?
False
Suppose 0 = 3*d + 2 - 8. Suppose d*c + 260 = -132. Is 25 a factor of (-17 - c) + (-3)/((-6)/(-8))?
True
Suppose 657*p - 8159907 = -2823096. Is p a multiple of 96?
False
Suppose 3*t - 3*s = -6 + 15, -5*s - 23 = 3*t. Let j be t/5 - (-36)/5 - 4. Suppose -3*r + 0*q + 103 = q, 104 = j*r + 2*q. Does 5 divide r?
False
Let z(v) = -v**3 - 58*v**2 - 37*v + 279. Does 52 divide z(-64)?
False
Is 39 a factor of ((-24)/(-2))/((-19)/(264176/(-32)))?
False
Suppose 9*x - 1768 = 7*x. Suppose -2*t - 5*n + 494 = 0, -4*n + 97 = -3*t + x. Does 11 divide t?
False
Let b(j) = 2*j**3 + 1 - 6*j**2 + 9 - 4*j - 10*j + 16*j. Suppose -u = 4*u - 25. Is 12 a factor of b(u)?
True
Suppose -8*q = -5*q - 15. Suppose -24*m + 19*m = 5*w - 20, q*m + 25 = 0. Is 9 a factor of w?
True
Suppose 0 = -m - 4*n + 4357, 0 = 5*n + 3 + 17. Is 88 a factor of m?
False
Suppose 81*l - 56*l = 29200. Does 20 divide l?
False
Suppose 9*f + 35336 = 237899. Does 71 divide f?
True
Suppose -5*m + 4*q = -1268, -5*m + 1217 + 48 = -5*q. Suppose 9*f - 176 = m. Does 8 divide f?
True
Let a(y) = y**3 - 36*y**2 + 21*y + 273. Is 13 a factor of a(37)?
False
Suppose 7*c - 8111 - 233389 = -133*c. Is c a multiple of 69?
True
Let f = 3381 - 2613. Does 4 divide f?
True
Let l(z) = 6*z**2 - 21*z - 2. Let g = -207 - -211. Is 10 a factor of l(g)?
True
Let v(x) = x**3 + 18*x**2 - x - 14. Let r(y) = -y**3 - 36*y**2 + y + 28. Let n(g) = -2*r(g) - 5*v(g). Let i be n(-6). Is 1/(i*(-1)/708)*1 a multiple of 14?
False
Suppose 3*s - 4*r = -0*s - 1067, 5*r = 2*s + 723. Let i = -284 - s. Is 5 a factor of i?
True
Let k be 1090/7 - (2 - 64/28). Suppose -j + 340 = 2*q - 0*q, -3*j = -q + k. Suppose q = -4*f + 8*f. Is f a multiple of 21?
True
Let z be (-12)/9 + 2 + (-2)/3. Suppose 4*a + z*a = 2*j + 374, 371 = 4*a - j. Is a a multiple of 24?
False
Let a = -493 - -484. Does 27 divide a - (15300/4)/(-5)?
True
Is -891*-131*((-1)/9)/((-56)/168) a multiple of 33?
True
Let t = -344 - -333. Let j(x) = 17*x**2 + 158*x + 9. Is j(t) a multiple of 6?
False
Let s(m) = 24*m**2 + 39*m - 11. Suppose 6*l - 11*l + 5*y - 40 = 0, 3*l - y = -28. Is 11 a factor of s(l)?
False
Is 33 a factor of ((-59)/(2065/300))/(3/1617*-2)?
True
Let x(b) = -b**3 - 8*b**2 - 2*b - 11. Let y be x(-8). Suppose c = -5*o + y, c - 2 = -5*o + 3*o. Let h = 23 + o. Is 8 a factor of h?
True
Is 16 a factor of -15 - (-399)/28 - (-1 + 11835/(-20))?
True
Let o be (670/(-15) - -4)/((-1)/3). Suppose 5*c - 4*g = 574, -5*c + 5*g + 448 + o = 0. Suppose -74 = -3*m + c. Does 16 divide m?
True
Suppose 111*j - 8165 = 106*j. Let p = j + -705. Is p a multiple of 58?
True
Suppose 32*m - 13*m = -11*m + 279300. Is 41 a factor of m?
False
Let j(y) be the second derivative of 5*y**4/12 + 31*y**3/3 + 12*y**2 + 23*y. Does 12 divide j(-17)?
False
Let t(x) = 2*x**3 + 32 - x**3 + 32*x**2 - 2*x**3 - 20*x**2. Is t(8) a multiple of 48?
True
Suppose -4*v = 9*v - 1118. Let s be (-1 + v/10)/((-38)/(-190)). Suppose -35*q + s*q - 243 = 0. Does 6 divide q?
False
Let f be 143/(-5) + 18/(-45). Suppose -5*z = -15, 4*i + 24 + 199 = 5*z. Let k = f - i. Does 14 divide k?
False
Suppose -6*a = n - 11*a - 2, 0 = -5*n - 2*a + 64. Suppose -n*b = -29*b + 646. Is 26 a factor of b?
False
Let z(c) = -18*c - 53. Let a be z(-16). Let h = -79 + a. Suppose -h = -k - 3*j, 276 = -2*k + 4*k - 3*j. Does 16 divide k?
True
Let y be 55/(-11) - 15/(-3). Suppose y = 4*f - 4*v - 2120, -2*f + 810 = 3*v - 265. Does 16 divide f?
False
Is 53 a factor of (0 + (-3127)/(-2))*(-188 + 190)?
True
Let w(u) = -18*u - 20. Let j(b) = -17*b - 21. Let t(v) = 7*j(v) - 6*w(v). Is 13 a factor of t(-6)?
True
Is 22 a factor of 991004/91 - 76/494?
True
Is 76 a factor of 152/(3*276/3690 + (-3)/15)?
True
Suppose -5 = 4*o + 23, -7572 = -t - 5*o. Is t a multiple of 75?
False
Let f be (-211)/3*(0 + -2 - -5). Let p = f + 271. Does 12 divide p?
True
Let z = -70 + 177. Let m = z + -105. Suppose 88 = m*f - 38. Does 7 divide f?
True
Suppose -13*v + 11*v + 6376 = 2*s, -v = 4*s - 12773. Is 45 a factor of s?
True
Let g(c) be the second derivative of -c**5/20 + c**4/12 + 2*c**2 - 26*c. Let x be g(2). Suppose x = -4*j - 4*d + 7*d + 245, -5*d - 15 = 0. Does 6 divide j?
False
Let w(z) = 2*z**3 + 6*z**2 + 4*z. Is 78 a factor of w(12)?
True
Suppose -q = -16*q + 16350. Suppose 3*s + 4*g = q, -3*s - 5*g + 1627 = 536. Is s a multiple of 17?
False
Let q(r) = -19*r**3 - r**2 + 46*r + 10. Does 11 divide q(-8)?
True
Let c(y) = -y**2 + 10*y + 39. Let a be c(-3). Suppose a = 4*l - 5*l + 275. Is 73 a factor of l?
False
Let s(o) = 194*o - 175*o + 5*o**3 - 4*o**3 - 12 - 3*o**2 - 7*o**2. Let r be s(8). Is 4 a factor of -3*(-93)/15 + r/30?
False
Let y = 511 - 489. Suppose -3*m + 198 = p, 2*p - y*m - 396 = -26*m. Is p a multiple of 11?
True
Let y(n) = n**2 - 11*n + 61. Let s be y(-10). Let g = -213 + s. Is 2 a factor of g?
True
Suppose 0 = 5*m - 7*m + 794. Let x = m + -289. Is 67 a factor of x?
False
Let s(j) = -8*j**2 - 12*j - 10. Let c be 23/2 - 7/(-14). Let h be s(c). Is (-4)/(-12) - h/6 a multiple of 49?
False
Let k(m) be the third derivative of -13*m**4/3 - 2*m**3 - m**2. Let a be k(-8). Suppose 5*g + a = 2*x + 3*x, g + 328 = 2*x. Is 12 a factor of x?
False
Suppose -4*o - 4*i = -236, 5*o + i = 4*i + 311. Let d(z) = 9*z - 82. Let k be d(6). Let m = o + k. Does 11 divide m?
True
Suppose 2*p = 5 - 15. Let y be 624/(-10)*p*1. Is (y/28)/(3/21) a multiple of 13?
True
Let j = -53 + 52. Is 13 a factor of 164/8 + j/(-2) + -2?
False
Let t(r) = -5*r**3 + 20*r**2 + 29*r. Let a(w) = -10*w**3 + 40*w**2 + 58*w + 1. Let q(k) = -4*a(k) + 7*t(k). Does 14 divide q(6)?
True
Let t(a) be the third derivative of a**5/60 - 11*a**4/24 - 9*a**3 - a**2 - 29. Does 74 divide t(25)?
True
Suppose 34*a = 31*a + 9. Let d(c) = 4*c - a + c**2 - 11*c + 3*c. Is 18 a factor of d(7)?
True
Let i(p) = -8*p + 24. Let v be i(0). Suppose 27*n = v*n + 30. Does 13 divide 162 - (-2)/((n/4)/5)?
False
Suppose 5*z + 6353 = 5*v - 3247, 0 = -3*v + z + 5760. Does 32 divide v?
True
Let n(c) = 14*c - 338. Let k be n(33). Let o(y) = y**3 - 4*y**2 + 2*y + 3. Let q be o(3). Suppose -4*z + 484 = -0*t - t, q = z - t - k. Is 20 a factor of z?
True
Let q(j) = 9*j - 243. Let o be q(29). Suppose 5*y + 4004 = o*y. Does 6 divide y?
False
Let l(j) be the first derivative of 0*j**2 - 6*j + 1/3*j**3 - 23. Is 6 a factor of l(6)?
True
Suppose x = -3*n + 4204, 4073 = 3*n + 5*x - 111. Is 61 a factor of n?
True
Suppose -2*z - 14*q + 15*q = -6, -q = 4*z - 18. Suppose 2*g = -z*m + g + 1707, -4*g - 840 = -2*m. Is m a multiple of 71?
True
Let q(w) = -w**2 + 16*w - 60. Let c be q(9). Suppose -115 = -5*j - 5*h, 4*j - 7*h = -c*h + 132. Is 7 a factor of j?
True
Let k(j) = -j**3 + 15*j**2 + 13*j + 48. Let f be k(16). Suppose -2*b - c + 193 = f, -5*b - c + 472 = -2*c. Is 27 a factor of b?
False
Let f = 1187 + -1699. Does 4 divide -4*(-5)/((-20)/f)?
True
Let j(h) = 9*h**3 + 2*h**2 - h. Let p be j(1). Let l = 685 + 900. Suppose 115 = -p*u + l. Is u a multiple of 7?
True
Let p(o) = 14*o - 22. Suppose -4*q - 20 = 3*s, -4*q + 11 = -2*s - 9*q. Let c = s + 25. Is 27 a factor of p(c)?
True
Suppose -88 = -6*d - 568. Let q = 80 + d. Does 24 divide (-2 - q)/((-22)/1155)?
False
Let k = -8322 - -17593. Does 73 divide k?
True
Let m(z) = -63*z + 1. Let s be m(5). Suppose 3684 + 3898 = -17*l. Let j = s - l. Is j a multiple of 12?
True
Suppose 0 = 2*u - 9*u. Suppose -15*w = -u*w - 5250. Does 7 divide w?
True
Let o(u) = -u**2 + u + 1. Let j(d) = -4*d**2 - 10*d + 13. Let k(z) = -j(z) + 3*o(z)